 + 27658 = -4*y - 3*u. Is ((-2)/(-10))/(((-12)/y)/6) a prime number?
True
Suppose -2*h + 2967704 = 2*k, 23*k - 28*k = -2*h + 2967669. Is h composite?
True
Let q be 4 + -2 + 510 + -1. Suppose -q*i = -509*i - 638. Is i a prime number?
False
Let u(m) = -6*m + 66. Let x be u(11). Suppose x = -12*c - 0*c + 36. Suppose -4*w + c*p = 6*p - 5573, -4*w - 2*p = -5578. Is w prime?
False
Suppose -34*d = -2657436 - 7227709 + 366267. Is d a composite number?
False
Let j = -104 + 90. Let n(z) = 2*z**2 + 26*z - 8. Let h be n(j). Suppose 6*g - 3*p = 2*g + 2384, 0 = 5*p + h. Is g a prime number?
True
Is (2294808/6)/(196/147) prime?
False
Suppose 9*i = 815022 + 13185. Is i prime?
False
Let f(y) = -31*y + 71. Let k(a) = 31*a - 72. Let l(d) = 6*f(d) + 7*k(d). Is l(23) prime?
False
Is 1/8 + 860809143/1544 a prime number?
True
Let b = -1636567 - -2535344. Is b a prime number?
False
Let b = 46 - 46. Suppose 0*l + 42 = 2*a + 2*l, -5*a + 4*l + 114 = b. Is 12/(-66) - (-5218)/a prime?
False
Let c be 10*(84/60 + 2/(-2)). Suppose 20 = -c*r, -4*n - 8526 = -5*n + 5*r. Is n a prime number?
True
Suppose 17*g + 2 = 2. Suppose 2*s + 5*i - 1520 - 649 = 0, g = -s - 5*i + 1082. Is s a prime number?
True
Let c(w) = w**3 - 28*w**2 + 67*w - 34. Let f be c(27). Let r(n) = 7*n**2 - 5*n + 7. Let p be r(-6). Let t = f - p. Is t composite?
False
Suppose -4*v = -y + 5, -2*v = v. Let u(q) = -21*q**2 + 196*q**3 - 4*q - 13*q**2 + y + 33*q**2. Is u(2) composite?
True
Let j(c) = 2*c**2 + 9*c - 15. Let s be j(-6). Suppose s*p = -3*u - 1539, 4*p + 0*u = u - 2032. Let l = p + 936. Is l prime?
False
Suppose 2*l + 672 = 8092. Let s be 1/(-1 - 7/(-14)). Is l/(-10)*(s + 1) a composite number?
True
Let d be (-217 + -5)*(-3)/(-6). Is ((-12640)/(-6) - -2)*d/(-74) prime?
True
Suppose -5*s - 5*f - 30 = 0, 2*f - 3 = 2*s + 7*f. Let x be (-1)/(168/57 - s/(-3)). Suppose x*m = 21*m - 4310. Is m prime?
False
Suppose 0 = -2*f - 213 + 221. Suppose f*o - 2*q - 8895 - 7915 = 0, -5*o = -2*q - 21011. Is o prime?
True
Suppose -3*f + 5*t + 867277 = 0, 2*f + 0*t - 578210 = -3*t. Is f a composite number?
False
Let t be (-3)/12 - (296379/(-12))/9. Let z = t + -841. Is z prime?
False
Let r(h) be the second derivative of -9*h + 0 + 3/2*h**3 + 10*h**2 + 17/12*h**4 + 1/20*h**5. Is r(-9) a prime number?
True
Let v be 1000/(-28) - (-6)/(-21). Let o = 651 - v. Is o composite?
True
Let x be 11*3 + (-15)/3. Suppose -4*o = -s - 0 - 19, -4*o + x = -4*s. Suppose -2*w + 171 = 4*v - 255, -o*w = -4*v - 912. Is w prime?
True
Let c = -21 - -19. Let k(s) = 203*s**2 - 2*s - 2. Let u be k(c). Let t = 1533 - u. Is t prime?
True
Let t(h) = h**3 - 3*h**2 + h - 1. Let s be t(3). Suppose -2*p - 21 = -3*f, 0*f + 5*p = -s*f - 5. Is ((-1087)/f)/((-1)/5) a prime number?
True
Suppose f + 41 = 73. Is f/40 - 239853/(-15) prime?
True
Let l(z) be the second derivative of -293*z**5/20 - z**4/6 - z**3/6 + z**2/2 + 1304*z. Let y = 3 + -4. Is l(y) a prime number?
True
Let a(g) = -4535*g + 2703. Is a(-16) composite?
True
Suppose 2489438 + 3657759 = 41*b + 8*b. Is b a composite number?
False
Let i(o) = 54*o**2 + 17*o - 21. Let b be (5/2 + -1)*(-80)/12. Is i(b) composite?
False
Suppose j = 10*c - 14*c + 9, -c + 5 = 3*j. Is (j + 24859 + 1)/(54/18) composite?
False
Suppose -8*u + 0 = -40. Suppose -2*i + 21957 = -0*h - h, u*i - 4*h - 54897 = 0. Suppose -i = -6*y + 6585. Is y a composite number?
False
Let m(x) = -75*x + 4. Let k = -44 - -41. Let d be m(k). Suppose -3*u + 217 = 5*t, u + 2*t = -2*u + d. Is u a composite number?
False
Suppose 4*s + m - 135 = 662, 0 = 4*m - 20. Let t = 461 - s. Is t composite?
False
Let x(h) be the first derivative of -283*h**2/2 - 6*h - 20. Let z be x(4). Let q = z + 2395. Is q prime?
False
Let i be 3/(-1) + -2 + 38 + -29. Suppose 3*l - i*x = 2233, -2*l = 5*x - 1299 - 159. Is l a prime number?
True
Let o be 1896/216 + (1 - 14/18). Let h = 13 + -1. Suppose o*r + 10293 = h*r. Is r a prime number?
False
Suppose -2*b - 113714 = -273073 - 134855. Is b prime?
True
Let f(i) = -i**2 + 33*i - 60. Let d be f(31). Is (-30 + -301)*(d + -3) a prime number?
True
Suppose -4*q + 0 = -5*n - 3, n + 3*q = -12. Is (-28762)/n + 1/(-3) a composite number?
False
Suppose -306*i + 375*i + 11210026 - 52413859 = 0. Is i prime?
False
Suppose 33*p - 2*p = -46*p + 4709551. Is p composite?
True
Suppose -10*f = -19538 - 34742. Let g = f - 3497. Is g a prime number?
True
Let g(l) = -10486*l + 8723. Is g(-6) a prime number?
False
Suppose -29*q + 87*q - 30*q - 133924 = 0. Is q a prime number?
True
Suppose -32*o - 595026 = -6589614 - 6810948. Is o a composite number?
True
Let d(u) = 1107*u**2 - 1555*u + 7. Is d(12) prime?
False
Let r(b) = -5 + 25*b**2 - 20*b**2 + 2*b - 1 - b**3. Let w be r(5). Suppose 2*z - 1971 = -5*q + w*q, -5*q - 3*z = -9883. Is q composite?
False
Let y(q) = 15*q**2 - 16*q**2 - 88*q**3 - 1 - 4*q - 2. Let o be y(-2). Let s = 1060 - o. Is s prime?
False
Suppose 0 = 3*g - 3*f - 288, 3*g + 0*f + f = 304. Let q = -2977 + 3052. Let t = g - q. Is t a composite number?
True
Let h be 6 + 0 - 2 - (9 + -134). Suppose 0 = -132*k + h*k + 6. Suppose 0*w = -3*s + 3*w + 1305, 866 = k*s - 4*w. Is s composite?
True
Let d = 46 - 143. Let b = 210 + d. Is b prime?
True
Suppose 6*n + 4392 = -3*n. Let o(p) = -2*p**3 + 7*p**2 + 10*p - 4. Let q be o(7). Let y = q - n. Is y composite?
False
Let c be -1 + (2 - -3 - 4). Suppose 2*q - p - 12 = 0, 5*q - 3*p = -c*p + 32. Suppose -4*t = d - 90, -q*d + 440 = -t + 97. Is d a composite number?
True
Let u(f) = -591*f - 1462. Is u(-15) prime?
False
Let f(o) = -149599*o + 1101. Is f(-2) composite?
False
Suppose 20*m + 33 = 9*m. Let k(p) = 2038*p**2 + 10*p + 7. Is k(m) composite?
True
Suppose -5*k = 3*s - 1, -2*k - 5 = -6*s + 9*s. Suppose k*d - 12667 = -3501. Is d a composite number?
False
Suppose 0 = 50*o + 28*o + 1279953 - 4536141. Is o composite?
True
Let p be (-50)/(-18) + (-2)/(-9). Suppose 4*j - 45 = -i - 2, -p*j = 3*i - 21. Is 7*93 + j/(-3) composite?
False
Suppose -18*z + 21*z = -198. Let u = -61 - z. Suppose 447 = u*i - 2*a, 3*i - 7*i + 4*a = -348. Is i a prime number?
False
Let m be 1/((8/8)/(0 + 37239)). Let w = -26468 + m. Is w composite?
False
Suppose -2*w + 216995 + 61119 = 8*z, 3*z = -18. Is w a prime number?
False
Let n(d) = -7531*d**3 + 6*d + 8. Let u be n(-2). Let p = u - 31407. Is p composite?
False
Let o be (-18640650)/(-462) - (-3)/11. Suppose 3*d + g = o, 3*d = 2*g + 64218 - 23855. Is d a composite number?
False
Let d(v) = -8*v**3 - 23*v**2 + 181*v - 107. Is d(-39) a prime number?
False
Suppose -5*n - 2 = -2*u, -2*u + n + 14 = 2*n. Suppose x + 2196 = 2*k, 2*x - 31 = -27. Suppose u*v - k = -v. Is v a composite number?
False
Let w(p) = 5*p - 64. Suppose -59 = -4*a + 5*c, 3*a = -5*c + 19 - 1. Let n be w(a). Is (-1 - n/6)*278 composite?
False
Let r(o) = -980740*o - 4641. Is r(-2) a prime number?
True
Let i(u) = 229*u + 6. Suppose 0 = 4*l - 19 - 1. Is i(l) prime?
True
Let z = -790 + 795. Suppose -102374 = -z*d + 29381. Is d composite?
True
Let q(y) = -100*y**2 + 11*y - 5. Let c be q(-8). Let m = 10542 + c. Is m a composite number?
False
Let p(q) = -q**3 + 14*q**2 + 2*q - 6. Let y be p(14). Suppose 12 = -2*o + 4*w, 0*o = -o - 5*w + y. Is (8/14)/(o/1673) composite?
True
Let i be (1/((-2)/486))/(96/(-64)). Is (-16)/2 + 3 + i a prime number?
True
Suppose 0 = 3*l - 8*l + 12385. Suppose -l = -2*x + 2733. Is x a prime number?
False
Let c be 5/(50/12)*75/30. Suppose -c*x + 15078 = 4*n - 0*x, 4*x + 3779 = n. Is (1 - n/(-3)) + 1 + 0 composite?
False
Let s(d) = 18*d + 8827*d**3 - 8825*d**3 - 13 - 6*d. Let j = 17 - 11. Is s(j) a composite number?
False
Suppose -1673 = 14*u + 427. Is ((-81309)/(-2))/(u/(-100)) a prime number?
True
Let v = -292482 - -434489. Is v a composite number?
False
Let i be 4 + (-1 + 1)/(8/(-4)). Suppose 5*a - 14455 = i*v, 5*a + 0*a - 14440 = v. Is a composite?
False
Suppose -84*j - 30317 = -2*v - 85*j, 3 = j. Is v a composite number?
True
Suppose 5*l + 93 = 4*t, 4*t + 2*l = 7*t - 61. Suppose -2*v = -2*a - 8, 5*v = -0*a + 2*a + t. Is (2 + -1346)/(-2) - a a prime number?
True
Suppose -6 = -p + 2. Let f be ((-308)/p + -2 - -4)*-12. Is (f - -2) + (-9)/3 composite?
True
Let v(i) = -3*i**2 + 3*i - 21. Let j be v(-22). Let h = j + 1009. Let c = h - -877. Is c a prime number?
True
Let g(d) = 1655*d + 1177. Is g(14) co